 = 0, -5*d - l = -800 + 196. What is the units digit of d?
0
Suppose 7 = -6*o + 31. Let m be (o/(-2))/((-2)/19). What is the units digit of 9*m + (-2 - 6/(-3))?
1
Suppose -x = 2*x + 897. Let y = 622 + x. What is the units digit of y?
3
Let y be ((-54)/63)/((-2)/56). Suppose 25*v = 19*v + y. Suppose -2*z + 4 = 0, -2*g = 3*g - v*z - 862. What is the tens digit of g?
7
Suppose 0*q - 3*q = 12. Let x(l) = -11*l + 9. Let u(s) = 10*s - 10. Let a(b) = 2*u(b) + 3*x(b). What is the tens digit of a(q)?
5
Let d = -17 - -20. Let v(p) = -5*p**3 - 2*p**2 - 14*p - 1. Let g(a) = 2*a**3 + a**2 + 5*a. Let j(o) = d*v(o) + 8*g(o). What is the tens digit of j(4)?
8
What is the ten thousands digit of 2/(-11) - (11 + (-574336)/22)?
2
Suppose -a + 4*d - 9*d - 5 = 0, 0 = -3*d - 3. Suppose -6*c + 592 + 3476 = a. What is the units digit of c?
8
Suppose p + 13 = 33. Suppose x = -3*c + 5*c - p, 3*c = -x + 25. What is the units digit of 211*-1*(-10 + c)?
1
Suppose d + 8*u + 4920 - 73368 = 0, 0 = -5*d - 5*u + 342100. What is the thousands digit of d?
8
Let m be -1 + 4 + (3 + 31)*-3. Let d = -95 - m. Suppose 156 = 5*n - d*j, -6*n + 9*n - 96 = 3*j. What is the units digit of n?
8
Let d be (-2)/4 + 14/4. Suppose d*b - 750 - 279 = 0. What is the hundreds digit of b?
3
What is the ten thousands digit of 8503*2 + (-27)/(216/(-64))?
1
Let t(i) = -324*i + 13189. What is the hundreds digit of t(0)?
1
Let s be (-11)/22 - 2571/(-6). Let o = 665 - s. What is the tens digit of o?
3
Let g = 3020 - 4613. Let s = g + 2446. What is the tens digit of s?
5
Let w = 91 + -76. Suppose 38*j - w = 33*j. Suppose o + 2*p = -j*p + 66, o + 2*p - 66 = 0. What is the tens digit of o?
6
Suppose -1106 = -6*f + 160. Let h = f + -191. What is the tens digit of h?
2
Let t(s) = -4*s**2 + 3*s + 1. Let o be t(1). Suppose -4*x + 12 = -2*n, 4*n + o*n - 4*x = -16. What is the hundreds digit of 1719/15 - n/5?
1
Let d(l) = -6*l + 17. Let a be d(1). Suppose -5439 = -a*h - 896. What is the units digit of h?
3
Let z = 1599 + 7646. What is the thousands digit of z?
9
Let g(y) = -y**3 + 74*y**2 + 410*y + 133. What is the ten thousands digit of g(75)?
2
Let z = -20 + 99. Let j = z + -75. Suppose -j*b - 37 = -185. What is the units digit of b?
7
Let t be -2*9*(-16)/(-72). What is the tens digit of 199087/441 + t/9?
5
Let a = -4240 + 2750. Let z be (-1)/3 - a/6. Let n = z + -99. What is the units digit of n?
9
Suppose 45*h - 9*h = -1260. Let d = h + 1180. What is the tens digit of d?
4
Let y = -43 - -58. Let u(x) = 3 - y - 5 - 14*x. What is the units digit of u(-10)?
3
What is the ten thousands digit of (273930/(-150))/((-1)/25)?
4
Let h = -587 + 577. What is the units digit of ((716/h)/(-1))/((-10)/(-200))?
2
Let o be (413 + -3)/1 - (-6)/(-2). Suppose 0*z + o = z. What is the hundreds digit of z?
4
Suppose -1607*k + 1610*k + 10437 = 0. Let j = -1359 - k. What is the thousands digit of j?
2
Let o(u) = -22*u**3 + 16*u - 3*u - 7*u**2 - 13*u**2 - 4 + 26*u**2 + 8*u**3. What is the tens digit of o(-3)?
8
Suppose h + p = 5*h - 35509, 17756 = 2*h - 2*p. What is the units digit of h?
7
What is the hundreds digit of (7792 - -4) + (-12)/(-4)?
7
Let b be 555/(-9)*-3 - -7. Suppose v - 2*k = 4*v - 193, 3*v - b = -3*k. What is the units digit of v?
5
Suppose -51*k + 48*k - 15319 = -r, -3 = -3*k. What is the units digit of r?
2
Let r be 22176/(-46) - -6*(-7)/(-483). Let u = 1923 + r. What is the hundreds digit of u?
4
Let q(x) = -860*x + 4441. What is the thousands digit of q(-35)?
4
Let t(n) = n**3 + 8*n**2 + 32*n - 13. What is the units digit of t(14)?
7
Let z(y) = 5 + y**2 - 2*y - 1 + 0*y**2 - 6 - 2*y**3. Let q be z(2). Let p = 11 - q. What is the tens digit of p?
2
Suppose -5*p = -2*n + 2173 + 1178, 0 = -n + 3*p + 1675. Suppose -57*v + 56*v + n = 2*f, 4*f - 1682 = -v. What is the units digit of v?
4
Let c(s) be the second derivative of -s**5/60 - s**4/2 - 4*s**3/3 + 5*s**2 - 14*s. Let n(k) be the first derivative of c(k). What is the units digit of n(-10)?
2
Let v be (-3)/(12/8) + (-117)/(-3). Suppose -v*g + 28529 + 12541 = 0. What is the hundreds digit of g?
1
Let f = -131 + 155. Suppose -f*m - 1598 + 12854 = 0. What is the units digit of m?
9
Let c be 1/1 - (-6)/((-54)/(-9)). What is the tens digit of c/(-4)*(-507 - (1 - 4))?
5
Let y = 173 + -106. Let g(q) = q - 3*q + 97 - y. What is the units digit of g(-14)?
8
Suppose -20*r + 15*r - 7825 = -4*b, 0 = 3*b - 3*r - 5868. Suppose 75 - 9 = -3*w. What is the units digit of w/99 + b/9?
7
Let h(x) = 3*x - 22. Let k be h(8). Let v(n) = 170*n**3 + 12*n - 22 + 4*n - 171*n**3 - 18*n**k. What is the units digit of v(-19)?
5
Suppose -612 = 39*k - 42*k. Let d = k - 82. What is the tens digit of d?
2
Let t(g) = 4*g - 10*g - 9*g - 12. Suppose 184 + 75 + 165 = -106*s. What is the units digit of t(s)?
8
Let a = -117 + 249. Suppose a = 4*i + 12. Let r = i - -64. What is the tens digit of r?
9
Let g = 16 + -35. Let r = 24 + g. Suppose -3*m = 2*f - 219, 2*m = r*f - 17 - 559. What is the tens digit of f?
1
Let o(n) = -7*n**3 - 13*n + 35. Let b be o(5). Let a = b + 1619. What is the hundreds digit of a?
7
Let a be (61 + 5)/11*10/12. Suppose a*g + 6*k = 11*k + 3005, -g - 4*k + 576 = 0. What is the units digit of g?
6
Suppose 12*v + 33 = -87. What is the tens digit of (646/(-5))/(4/v)?
2
Suppose 3*s = -3*u + 24297, -4*s - u + 32347 = -4*u. What is the tens digit of s?
9
Suppose -5*z - 2*t - 8 = -25, 2*z = 4*t + 26. Suppose 2*b - 4*f = 932, -5*b + 4*b + z*f = -451. What is the units digit of b?
6
Suppose 4*h + 44199 + 109 = 4*r, 2*r = -3*h + 22149. What is the tens digit of r?
7
Suppose 2*s + 2*a - 4*a = 16, -3*a - 12 = -2*s. Suppose -6*p = -0 - s. Suppose -4*k - 24 = -p*x, k + 2 = 3*x - 39. What is the tens digit of x?
1
Suppose -51 + 3 = 8*u. What is the units digit of u/(-21) + 19684/49?
2
Let c = 661 + -657. Suppose -b - 3*k + 52 = 0, c*b + 4*k = 5*b - 31. What is the units digit of b?
3
Let h(n) = 2*n**2 - 44*n - 41. Let j be h(23). Suppose -761 + 2298 = j*m - 2*o, -2*o = -m + 301. What is the hundreds digit of m?
3
Let l(j) = -j**3 - 75*j**2 - 90*j - 243. What is the hundreds digit of l(-74)?
9
Let v be 3/15 - (-3147)/30*2. Let c be (-3)/((-2 - -4) + (-429)/v). Suppose 34*f = 39*f - c. What is the units digit of f?
4
Let o(s) = s + 2. Let w be o(0). Suppose 1916 + 3484 = 18*f. Suppose -w*g + 410 = 4*t, -5*t + f = -2*t + 3*g. What is the tens digit of t?
0
Let l = -1622 - -782. Let w = 2051 + l. What is the units digit of w?
1
Suppose 4*s - 2*s = -2*s. Suppose p - 3*p + 867 = 3*n, 4*p - 5*n - 1679 = s. What is the units digit of p?
6
Suppose -5*b + 10425 = 5*s, -8*b = -3*b. Let d = s - 1242. What is the hundreds digit of d?
8
Suppose -4*d = -3*i + 205162, 2*i + 439*d - 136763 = 440*d. What is the hundreds digit of i?
3
Suppose -2*g = -14*g + 63034 + 21458. What is the units digit of g?
1
Let m(a) = 2*a**2 + 14*a + 13. Let q be m(-6). Let d be (-238)/6*q/((-2)/54). Suppose b + 8*b - d = 0. What is the tens digit of b?
1
Let a(w) = -76*w + 126. Let f(m) = m**2 + 31*m + 66. Let p be f(-28). What is the tens digit of a(p)?
9
Let j be 2/(6/849)*(0 - 1). Let y = 334 + j. What is the tens digit of y?
5
Suppose 4 = l - 2*h + 12, -26 = 2*l + h. Let f be 16/((-12)/(-3)) - 4. What is the units digit of f + ((-17)/4)/(3/l)?
7
Let p(v) = -3*v**3 + 111*v**2 + 83*v - 206. What is the units digit of p(35)?
9
Let w(q) = -q**3 + 17*q**2 + 11*q - 15. Let g be w(15). Let l = g - 184. What is the tens digit of l?
1
Suppose 3*w + 139 = 148. What is the hundreds digit of (361/w)/((-2)/(-6))?
3
Let s = -10 - -12. Suppose 460 = 5*x - 5*t, x = -s*x - 5*t + 276. Suppose -4*m = n - 62, m + x + 41 = 2*n. What is the tens digit of n?
6
Let c be (-3)/(45/942) - (-5)/(-25). Let b = c - -96. Let r = 57 - b. What is the units digit of r?
4
What is the tens digit of 9*77886/(-54)*(-16)/6*1?
1
Suppose 0 = -2*i - 25 + 33. Suppose i*x - 1753 = 3*f, -7*f = x - 2*f - 467. What is the hundreds digit of x?
4
Suppose 18459 = 4*b - 3*m, 59*b - 5*m = 54*b + 23080. What is the tens digit of b?
1
Let f(k) = k**2 - 2*k + 5. Let j be f(4). Let h be -8 + -4 + 10 + 2*1. Suppose -3*p - j + 295 = h. What is the tens digit of p?
9
Let m(s) = s**3 + 6*s**2 + 3*s - 9. Let u be m(-5). Let i = -19 + u. What is the tens digit of (-1580)/i - (-2)/9?
8
Suppos